rime?
False
Let q(k) = -27*k - 1. Let l be q(1). Let g(z) = -z + 15. Let s be g(8). Let v = s - l. Is v prime?
False
Let a = -84 + 142. Is a a composite number?
True
Let v be (-63108)/(-60) + (-1)/(-5). Suppose q + v = 5*q. Is q composite?
False
Let u be -8 - -1*(-3 + 1). Let a = 69 + u. Is a composite?
False
Suppose 5*x + 0*x = 335. Is x a composite number?
False
Let i(k) be the first derivative of -k**4/4 - 5*k**3/3 - 2. Let v be i(-5). Suppose -b - f + 4 = v, 0 = -b + 3*f - 5*f + 5. Is b prime?
True
Suppose 0 = 2*r - 6*r + 8048. Suppose -s = s - r. Suppose 5*h - 9 = s. Is h composite?
True
Suppose q - 4*m = 18 + 23, m - 3 = 0. Is q a composite number?
False
Let v = 522 - 365. Is v a composite number?
False
Is (1402/3*-3)/(-2) composite?
False
Suppose 0 = p - 3*h + 9, 4*h + 1 = 2*p + 11. Suppose -3*n + 300 = -0*n. Suppose -i + n = p*i. Is i prime?
False
Let i(w) = 111*w**2 - w - 1. Let k be i(-1). Suppose 0 = -3*m + 3*h + 390, m - 3*h - k - 13 = 0. Let x = m + -80. Is x a composite number?
False
Let c be -1 + (-2 - (-3 - 0)). Suppose 4*j - j - 57 = c. Is j a prime number?
True
Let o(m) = m**2 + 8*m + 24. Is o(-17) a prime number?
False
Suppose 0 = 16*n - 7560 - 3208. Is n prime?
True
Let o = 108 + 5. Is o a composite number?
False
Let h(f) = -f**3 - 6*f**2 - f - 3. Let l be h(-6). Suppose 1 + l = -z. Let b(n) = n**3 + 7*n**2 + 4*n + 5. Is b(z) a prime number?
True
Let p(r) = -3*r + 4. Let u be p(4). Let o be (-3 - u)*(-92)/(-5). Suppose -5*g + 115 = -5*t, 4*g + 6*t = 2*t + o. Is g composite?
False
Let o be (3 - 2)*0/1. Let h = o + 2. Suppose -h*g = -3*g + 57. Is g a composite number?
True
Suppose 0 = -r + 5*k + 4 - 1, 4*r - 12 = k. Suppose -2*q = r*q - 445. Is q composite?
False
Suppose -8 = 3*s - 5*c - 23, 5*s - 41 = 3*c. Is 424/s + (-12)/(-20) a prime number?
True
Let c = 741 + -488. Is c composite?
True
Suppose y = -y + 8270. Is y prime?
False
Suppose -2*p + 3 = -1. Let y = p + 6. Suppose -4*m = -4*o + y*o - 768, 0 = 3*m - 2*o - 551. Is m prime?
False
Suppose 17433 = 3*c + 2*b, -4*c + b + 23261 = -2*b. Is c a prime number?
True
Suppose 0 = -0*w + 2*w - 20854. Is w a composite number?
False
Let p be (-3)/15 + 26/5. Suppose -6*o + 3*l + 278 = -o, -306 = -5*o - 4*l. Suppose p*d = o + 127. Is d composite?
False
Let i = -10 - -22. Suppose i = 4*v - 8. Suppose 0 = f - v*f + 212. Is f composite?
False
Suppose 3*d = 2*d + 4. Suppose 0*m - 232 = -d*m. Is m prime?
False
Let k = -1 - -16. Is (51/9)/(1/k) composite?
True
Is (1 + 1692)/(10/((-100)/(-10))) a composite number?
False
Suppose -2*k = -k - 133. Suppose -o = -2*x - 35, x + 51 = 5*o - k. Is o a composite number?
False
Suppose 2 = -5*l - 5*r - 33, 2*l = 2*r + 6. Is ((-15)/(-6) + l)*42 a composite number?
True
Let l be (1/1)/((-6)/(-12)). Suppose -4*p - 3*x - 26 = -367, -2*p - l*x = -172. Is p a composite number?
False
Let t(l) = 18*l + 3. Let s(u) = -7*u - 1. Let h(d) = -12*s(d) - 5*t(d). Is h(-3) a composite number?
True
Suppose 4*u + 370 = -374. Is 1/(2*(-3)/u) composite?
False
Let y(q) = -q**2 - 12*q - 7. Let a be y(-11). Suppose -d = -a*d + 255. Is d prime?
False
Let i be (-45)/(-6)*760/6. Let s = i + -43. Is s composite?
False
Let c = 17 - 12. Suppose -c = 3*t - 4*t. Suppose -a + 5*x = -3*a - 9, -4*a + 27 = -t*x. Is a prime?
True
Let n = -1893 - -2760. Suppose 3*c - 3*j = 891, 0*j = -3*c - 3*j + n. Is c composite?
False
Is 255 - (-1 - (-1 - 4)) a composite number?
False
Let v = -8 - -3. Let q = v + 7. Suppose q = -c + 5. Is c prime?
True
Let z = -3 + -1. Let b be 180/(-16) + (-3)/(-12). Let c = z - b. Is c prime?
True
Let v be (-731)/(-9) - 12/54. Let q = 134 - v. Is q a prime number?
True
Let n(u) = u + 1. Let s be n(6). Let o(z) = z**2 + 2*z. Let m be o(-3). Suppose -m*a = -s*a + 40. Is a composite?
True
Let u = 467 + -276. Is u a composite number?
False
Suppose 2*l = 0, 0*l = 2*a + 3*l - 44. Is (88/16)/(1/a) prime?
False
Suppose 7*q = 5*m + 2*q - 8685, 8669 = 5*m - q. Is m prime?
True
Suppose 128 = -0*c - 4*c. Let o = c + 69. Is o prime?
True
Let r(j) = 150*j**2 - j. Is r(1) prime?
True
Let z(i) = i**2 - i + 1757. Is z(0) composite?
True
Suppose 5*m = 4*q - 102, -q - m + 3*m = -24. Suppose 4*h + q + 92 = 0. Let u = h - -52. Is u a composite number?
True
Suppose -2*i + 5*i + c - 341 = 0, 2*i = -4*c + 244. Let d = i + -78. Is d composite?
True
Suppose 0 = -4*j - 3*z + 1 + 5, -z = 2. Let q be 0*((-2)/(-2))/(-1). Suppose -x + q*v + 4*v = -27, -4*x = j*v - 89. Is x composite?
False
Let a(w) = 109*w**3 - w**2 + w. Is a(1) composite?
False
Let k(h) = h**2 + h. Let n(s) = -3*s**3 + 5*s**2 + 4*s + 3. Let c(z) = 5*k(z) - n(z). Let b be c(3). Let u = b + 10. Is u a prime number?
False
Suppose 4*r + 40 = -r. Let g = 6 + r. Is 4/((-4)/(-57)) + g a composite number?
True
Let s(z) = 147*z**2 - 4*z - 3. Is s(4) composite?
False
Suppose 11*b = 17*b - 978. Is b prime?
True
Is ((-2)/(-10))/(9/99945) prime?
True
Suppose 4*m - 23 = 5*y, -3*y + 4*m - 19 = -m. Let h be (3 + (-42)/y)/1. Let o = 52 - h. Is o a prime number?
False
Suppose 12 = 5*w - 3. Suppose 139 = 2*q + 9. Suppose -2*h + 29 = -o + 4, -q = -w*h - 4*o. Is h a prime number?
False
Let k = -24 - -328. Let b = 54 + k. Is b composite?
True
Suppose -g = -22 - 1. Is g a prime number?
True
Let a = 12 - -4. Let p be 1/(-4) + 564/a. Suppose u + 4*b = p, -3 = b - 8. Is u prime?
False
Suppose -2*f + 5*f = 12. Suppose f*r + 26 = k, 3*k - r - 3*r = 38. Suppose 3*h - k = 69. Is h a prime number?
False
Let c = -321 - -1006. Is c a prime number?
False
Suppose -3*h = -5*s + 2055, 0*s + 4*s = h + 1644. Is s prime?
False
Is ((-526)/(-8))/(2/56) composite?
True
Let i(x) = 4*x**3 - 4*x**2 - 6*x - 5. Let g be i(6). Is (2 + -1)/(7/g) a composite number?
False
Let q(y) = -y**2 - 3*y - 2. Let a be q(-2). Suppose 5*k - v - 3*v = -23, a = -3*k + v - 11. Is (-9 + 3)*k/2 composite?
True
Is (-662)/(-5) + 3/5 a composite number?
True
Is (22/(-6))/((-1)/3) a prime number?
True
Let y = 36 - -103. Is y composite?
False
Let l(t) = 122*t - 29. Is l(5) a composite number?
True
Is (2/3)/(4/3738) a prime number?
False
Suppose -10*q + 4059 = -q. Is q composite?
True
Let c = -48 - -19. Let m = 120 + c. Is m a prime number?
False
Let p(g) = -g + 5. Let z be p(3). Let w = 913 - 462. Suppose -3*f + 8*f - h = 1110, 0 = -z*f - h + w. Is f a composite number?
False
Let w = 8 - -4. Let b = w + 10. Suppose b + 153 = 5*c. Is c a prime number?
False
Suppose k + 23 = -p + 4*p, -5*p = -2*k - 42. Let i(g) = -12*g + 13. Is i(k) composite?
True
Let x be 40/(-6) + 7/(-21). Let g = -9 - 31. Let f = x - g. Is f a prime number?
False
Is (-1)/(-5) + (-4602)/(-15) a composite number?
False
Let y(l) = l**2 + l - 1. Let x(r) = 5*r**2 - r - 13. Let i(f) = -x(f) + 6*y(f). Suppose 0 = 10*t - 6*t + 36. Is i(t) composite?
True
Suppose -4*o = -3*o. Suppose 0 = -o*r - r. Suppose -11 = -a - r*a. Is a a prime number?
True
Let a(f) = 5*f**3 + 4*f**2 + 4*f + 79. Let s(m) = -14*m**3 - 11*m**2 - 11*m - 237. Let h(n) = -11*a(n) - 4*s(n). Let u = 0 - 0. Is h(u) composite?
False
Suppose 0 = -0*w - w. Suppose 53 + 32 = 3*i + 4*m, -i - m + 30 = w. Is i prime?
False
Let j = 10 - 9. Is 87*(0 + j) - 2 prime?
False
Is (-1268)/(-6)*(-30)/(-20) a prime number?
True
Suppose 0 = -0*z - 4*z + 248. Is z composite?
True
Suppose 0 = 3*u - 462 - 3645. Is u composite?
True
Suppose -9*d = -4*d. Suppose 0 = -d*n - n + 51. Is n a prime number?
False
Let y = 9 - 21. Let v = y + 17. Suppose 0 = v*a - 14 - 1. Is a a composite number?
False
Suppose -k + 3*k = -16. Let l(a) = a**3 + 7*a**2 - 4*a - 11. Let y be l(k). Let s = 134 + y. Is s composite?
True
Is 1537/2 - 3/(-6) a prime number?
True
Let n be 9/(-2)*(-1 - -3). Let q(m) = -6*m + 1. Is q(n) composite?
True
Let v(r) = -r. Let n be v(-7). Let b = n - 4. Let o(j) = 25*j + 2. Is o(b) a prime number?
False
Let a(o) be the second derivative of -3/2*o**3 + 1/20*o**5 - 2*o + 11/2*o**2 + 2/3*o**4 + 0. Is a(-9) prime?
True
Let p(r) = -33*r - 7. Is p(-6) composite?
False
Let w(z) = -z**3 - 6*z**2 - 5*z. Let h be w(-5). Suppose -15 = 5*x, h*f + 206 = 5*f + 3*x. Is f prime?
True
Is ((-7395)/6 + (-15)/(-5))*-2 prime?
True
Let f be (3 + 1)/(4 - 2). Suppose f*k = 74 + 44. Is k a composite number?
False
Suppose 3*f + 73 = g, -f + 8 - 29 = -g. Let i(z) = 15*z + 4. Let r be i(3). Let m = f + r. Is m comp